{"id":736,"date":"2023-09-12T10:23:16","date_gmt":"2023-09-12T08:23:16","guid":{"rendered":"https:\/\/all-events.com.pl\/index.php\/business-breakfasts-copy\/"},"modified":"2023-09-14T09:23:25","modified_gmt":"2023-09-14T07:23:25","slug":"privacy-policy","status":"publish","type":"page","link":"https:\/\/all-events.com.pl\/index.php\/privacy-policy\/","title":{"rendered":"Privacy policy"},"content":{"rendered":"<!--themify_builder_content-->\n<div id=\"themify_builder_content-736\" data-postid=\"736\" class=\"themify_builder_content themify_builder_content-736 themify_builder tf_clear\">\n    \t\t\t\t<!-- module_row -->\n\t\t<div  data-css_id=\"ls8f902\" data-lazy=\"1\" class=\"module_row themify_builder_row fullwidth_row_container tb_ls8f902 tb_first tf_w tf_clearfix\">\n\t\t\t\t\t<div class=\"row_inner col_align_top tb_col_count_1 tf_box tf_rel\">\n\t\t\t\t\t<div  data-lazy=\"1\" class=\"module_column tb-column col-full tb_vx9b708 first\">\n\t\t\t\t\t\t\t\t\t<div class=\"tb-column-inner tf_box tf_w\">\n\t\t\t\t<!-- module text -->\n<div  class=\"module module-text tb_yc2b788   \" data-lazy=\"1\">\n        <div  class=\"tb_text_wrap\">\n    <h1>Privacy policy<\/h1>    <\/div>\n<\/div>\n<!-- \/module text -->\t\t\t\t<\/div><!-- .tb-column-inner -->\n\t\t\t\t\t\t<\/div><!-- .module_column -->\n\t\t\t\t\t\t<\/div><!-- .row_inner -->\n\t\t<\/div><!-- .module_row -->\n\t\t\t\t\t\t\t\t<!-- module_row -->\n\t\t<div  data-lazy=\"1\" class=\"module_row themify_builder_row tb_i7fz306 tf_w tf_clearfix\">\n\t\t\t\t\t<div class=\"row_inner col_align_top tb_col_count_1 tf_box tf_rel\">\n\t\t\t\t\t<div  data-lazy=\"1\" class=\"module_column tb-column col-full tb_rltt306 first\">\n\t\t\t\t\t\t\t\t\t<div class=\"tb-column-inner tf_box tf_w\">\n\t\t\t\t<!-- module text -->\n<div  class=\"module module-text tb_ylc0945   \" data-lazy=\"1\">\n        <div  class=\"tb_text_wrap\">\n    <p>\u00a0<\/p>\n<p>Wydawnictwo Media Sol zastrzega sobie prawo do wprowadzania zmian w Polityce Prywatno\u015bci. Ka\u017cdego klienta\/u\u017cytkownika serwisu <a href=\"http:\/\/All-inclusive.com.pl\">All-Inclusive.com.pl<\/a> obowi\u0105zuje aktualna Polityka Prywatno\u015bci znajduj\u0105ca si\u0119 na stronie <a href=\"https:\/\/www.all-inclusive.com.pl\/polityka-prywatnosci\">https:\/\/www.all-inclusive.com.pl\/polityka-prywatnosci<\/a><\/p>\n<div class=\"entry-content\">\n<p>Jakiekolwiek wprowadzane zmiany nie wp\u0142ywaj\u0105 na podstawow\u0105 zasad\u0119: Media Sol nie sprzedaje i nie udost\u0119pnia osobom trzecim danych personalnych czy adresowych klient\u00f3w\/u\u017cytkownik\u00f3w swoich serwis\u00f3w.<\/p>\n<p><strong>Dane Osobowe<\/strong><\/p>\n<p>W czasie korzystania z serwis\u00f3w nale\u017c\u0105cych do Media Sol mo\u017cesz zosta\u0107 poproszony o podanie niekt\u00f3rych swoich danych osobowych poprzez wype\u0142nienie formularza lub w inny spos\u00f3b. Dane, o kt\u00f3re b\u0119dziesz proszony, to w wi\u0119kszo\u015bci przypadk\u00f3w imi\u0119 nazwisko, adres e-mail. W przypadku formularzy zam\u00f3wie\u0144 b\u0119dziesz proszony o podanie pe\u0142nych danych osobowych. Wymagamy tylko tych danych, kt\u00f3re s\u0105 niezb\u0119dne do dzia\u0142ania serwisu. Niepodanie wymaganych danych zablokuje czynno\u015b\u0107, kt\u00f3r\u0105 te dane dotyczy\u0142y.<\/p>\n<p><strong>Niezapowiedziane Wiadomo\u015bci<\/strong><\/p>\n<p>Media Sol zastrzega sobie prawo do wysy\u0142ania niezapowiedzianych wiadomo\u015bci osobom, kt\u00f3rych dane kontaktowe posiada i kt\u00f3re zgodzi\u0142y si\u0119 z Polityk\u0105 Prywatno\u015bci. Pod poj\u0119ciem niezapowiedzianych wiadomo\u015bci Media Sol rozumie informacje odnosz\u0105ce si\u0119 bezpo\u015brednio do jego serwis\u00f3w, us\u0142ug i produkt\u00f3w (np. zmiany, wewn\u0119trzne promocje), niekomercyjne listy (np. \u017cyczenia, komentarze osobiste itp.) oraz informacje komercyjne, kt\u00f3rych rozsy\u0142ka zosta\u0142a op\u0142acona przez klient\u00f3w Media Sol. Podmioty zlecaj\u0105ce komercyjne mailingi nie maj\u0105 wgl\u0105du w dane kontaktowe os\u00f3b znajduj\u0105cych si\u0119 na listach adresowych Media Sol. Informacje komercyjne s\u0105 filtrowane w stopniu w jakim jest to mo\u017cliwe, ograniczana jest ich obj\u0119to\u015b\u0107 i wysy\u0142ane s\u0105 sporadycznie.<\/p>\n<p><strong>Cookies (Ciasteczka)<\/strong><\/p>\n<p>Niekt\u00f3re obszary serwis\u00f3w nale\u017c\u0105cych do Media Sol mog\u0105 wykorzystywa\u0107 cookies, czyli ma\u0142e pliki tekstowe wysy\u0142ane do komputera internauty identyfikuj\u0105ce go w spos\u00f3b potrzebny do uproszczenia lub umorzenia danej operacji. Cookies s\u0105 nieszkodliwe ani dla komputera ani dla jego u\u017cytkownika i jego danych. Warunkiem dzia\u0142ania cookies jest ich akceptacja przez przegl\u0105dark\u0119 i nie usuwanie ich z dysku.<\/p>\n<p><strong>Zmiana danych<\/strong><\/p>\n<p>Ka\u017cdy z u\u017cytkownik\u00f3w ma prawo do modyfikacji swoich danych. Zgodnie z Ustaw\u0105 o ochronie danych osobowych wszyscy u\u017cytkownicy, kt\u00f3rzy dokonali rejestracji lub logowania si\u0119 w serwisie <a href=\"http:\/\/All-inclusive.com.pl\">All-inclusive.com.pl<\/a> mog\u0105 usuwa\u0107 lub modyfikowa\u0107 swoje dane osobowe. Zar\u00f3wno rejestracja jak i usuni\u0119cie swoich danych osobowych z serwisu <a href=\"All-inclusive.com.pl\">All-inclusive.com.pl <\/a>jest dobrowolne i odbywa si\u0119 poprzez wys\u0142anie e-maila: redakcja@all-inclusive.com.pl W przypadku, gdyby u\u017cytkownik uzna\u0142 takie rozwi\u0105zanie za niewystarczaj\u0105ce, mo\u017ce zwr\u00f3ci\u0107 si\u0119 pisemnie do<\/p>\n<p><strong>Media Sol Micha\u0142 Doma\u0144ski<\/strong><br>ul. Bociania 9<br>05-462 Stefan\u00f3wka<\/p>\n<\/div>    <\/div>\n<\/div>\n<!-- \/module text -->\t\t\t\t<\/div><!-- .tb-column-inner -->\n\t\t\t\t\t\t<\/div><!-- .module_column -->\n\t\t\t\t\t\t<\/div><!-- .row_inner -->\n\t\t<\/div><!-- .module_row -->\n\t\t\t\t<\/div>\n<!--\/themify_builder_content-->","protected":false},"excerpt":{"rendered":"<p>Privacy policy \u00a0 Wydawnictwo Media Sol zastrzega sobie prawo do wprowadzania zmian w Polityce Prywatno\u015bci. Ka\u017cdego klienta\/u\u017cytkownika serwisu All-Inclusive.com.pl obowi\u0105zuje aktualna Polityka Prywatno\u015bci znajduj\u0105ca si\u0119 na stronie https:\/\/www.all-inclusive.com.pl\/polityka-prywatnosci Jakiekolwiek wprowadzane zmiany nie wp\u0142ywaj\u0105 na podstawow\u0105 zasad\u0119: Media Sol nie sprzedaje i nie udost\u0119pnia osobom trzecim danych personalnych czy adresowych klient\u00f3w\/u\u017cytkownik\u00f3w swoich serwis\u00f3w. Dane Osobowe W [&hellip;]<\/p>\n","protected":false},"author":2,"featured_media":0,"parent":0,"menu_order":0,"comment_status":"closed","ping_status":"closed","template":"","meta":{"footnotes":""},"class_list":["post-736","page","type-page","status-publish","hentry","has-post-title","has-post-date","has-post-category","has-post-tag","has-post-comment","has-post-author",""],"builder_content":"<h1>Privacy policy<\/h1>\n<p>\u00a0<\/p> <p>Wydawnictwo Media Sol zastrzega sobie prawo do wprowadzania zmian w Polityce Prywatno\u015bci. Ka\u017cdego klienta\/u\u017cytkownika serwisu <a href=\"http:\/\/All-inclusive.com.pl\">All-Inclusive.com.pl<\/a> obowi\u0105zuje aktualna Polityka Prywatno\u015bci znajduj\u0105ca si\u0119 na stronie <a href=\"https:\/\/www.all-inclusive.com.pl\/polityka-prywatnosci\">https:\/\/www.all-inclusive.com.pl\/polityka-prywatnosci<\/a><\/p>\n<p>Jakiekolwiek wprowadzane zmiany nie wp\u0142ywaj\u0105 na podstawow\u0105 zasad\u0119: Media Sol nie sprzedaje i nie udost\u0119pnia osobom trzecim danych personalnych czy adresowych klient\u00f3w\/u\u017cytkownik\u00f3w swoich serwis\u00f3w.<\/p> <p><strong>Dane Osobowe<\/strong><\/p> <p>W czasie korzystania z serwis\u00f3w nale\u017c\u0105cych do Media Sol mo\u017cesz zosta\u0107 poproszony o podanie niekt\u00f3rych swoich danych osobowych poprzez wype\u0142nienie formularza lub w inny spos\u00f3b. Dane, o kt\u00f3re b\u0119dziesz proszony, to w wi\u0119kszo\u015bci przypadk\u00f3w imi\u0119 nazwisko, adres e-mail. W przypadku formularzy zam\u00f3wie\u0144 b\u0119dziesz proszony o podanie pe\u0142nych danych osobowych. Wymagamy tylko tych danych, kt\u00f3re s\u0105 niezb\u0119dne do dzia\u0142ania serwisu. Niepodanie wymaganych danych zablokuje czynno\u015b\u0107, kt\u00f3r\u0105 te dane dotyczy\u0142y.<\/p> <p><strong>Niezapowiedziane Wiadomo\u015bci<\/strong><\/p> <p>Media Sol zastrzega sobie prawo do wysy\u0142ania niezapowiedzianych wiadomo\u015bci osobom, kt\u00f3rych dane kontaktowe posiada i kt\u00f3re zgodzi\u0142y si\u0119 z Polityk\u0105 Prywatno\u015bci. Pod poj\u0119ciem niezapowiedzianych wiadomo\u015bci Media Sol rozumie informacje odnosz\u0105ce si\u0119 bezpo\u015brednio do jego serwis\u00f3w, us\u0142ug i produkt\u00f3w (np. zmiany, wewn\u0119trzne promocje), niekomercyjne listy (np. \u017cyczenia, komentarze osobiste itp.) oraz informacje komercyjne, kt\u00f3rych rozsy\u0142ka zosta\u0142a op\u0142acona przez klient\u00f3w Media Sol. Podmioty zlecaj\u0105ce komercyjne mailingi nie maj\u0105 wgl\u0105du w dane kontaktowe os\u00f3b znajduj\u0105cych si\u0119 na listach adresowych Media Sol. Informacje komercyjne s\u0105 filtrowane w stopniu w jakim jest to mo\u017cliwe, ograniczana jest ich obj\u0119to\u015b\u0107 i wysy\u0142ane s\u0105 sporadycznie.<\/p> <p><strong>Cookies (Ciasteczka)<\/strong><\/p> <p>Niekt\u00f3re obszary serwis\u00f3w nale\u017c\u0105cych do Media Sol mog\u0105 wykorzystywa\u0107 cookies, czyli ma\u0142e pliki tekstowe wysy\u0142ane do komputera internauty identyfikuj\u0105ce go w spos\u00f3b potrzebny do uproszczenia lub umorzenia danej operacji. Cookies s\u0105 nieszkodliwe ani dla komputera ani dla jego u\u017cytkownika i jego danych. Warunkiem dzia\u0142ania cookies jest ich akceptacja przez przegl\u0105dark\u0119 i nie usuwanie ich z dysku.<\/p> <p><strong>Zmiana danych<\/strong><\/p> <p>Ka\u017cdy z u\u017cytkownik\u00f3w ma prawo do modyfikacji swoich danych. Zgodnie z Ustaw\u0105 o ochronie danych osobowych wszyscy u\u017cytkownicy, kt\u00f3rzy dokonali rejestracji lub logowania si\u0119 w serwisie <a href=\"http:\/\/All-inclusive.com.pl\">All-inclusive.com.pl<\/a> mog\u0105 usuwa\u0107 lub modyfikowa\u0107 swoje dane osobowe. Zar\u00f3wno rejestracja jak i usuni\u0119cie swoich danych osobowych z serwisu <a href=\"All-inclusive.com.pl\">All-inclusive.com.pl <\/a>jest dobrowolne i odbywa si\u0119 poprzez wys\u0142anie e-maila: redakcja@all-inclusive.com.pl W przypadku, gdyby u\u017cytkownik uzna\u0142 takie rozwi\u0105zanie za niewystarczaj\u0105ce, mo\u017ce zwr\u00f3ci\u0107 si\u0119 pisemnie do<\/p> <p><strong>Media Sol Micha\u0142 Doma\u0144ski<\/strong><br>ul. Bociania 9<br>05-462 Stefan\u00f3wka<\/p>","_links":{"self":[{"href":"https:\/\/all-events.com.pl\/index.php\/wp-json\/wp\/v2\/pages\/736","targetHints":{"allow":["GET"]}}],"collection":[{"href":"https:\/\/all-events.com.pl\/index.php\/wp-json\/wp\/v2\/pages"}],"about":[{"href":"https:\/\/all-events.com.pl\/index.php\/wp-json\/wp\/v2\/types\/page"}],"author":[{"embeddable":true,"href":"https:\/\/all-events.com.pl\/index.php\/wp-json\/wp\/v2\/users\/2"}],"replies":[{"embeddable":true,"href":"https:\/\/all-events.com.pl\/index.php\/wp-json\/wp\/v2\/comments?post=736"}],"version-history":[{"count":16,"href":"https:\/\/all-events.com.pl\/index.php\/wp-json\/wp\/v2\/pages\/736\/revisions"}],"predecessor-version":[{"id":793,"href":"https:\/\/all-events.com.pl\/index.php\/wp-json\/wp\/v2\/pages\/736\/revisions\/793"}],"wp:attachment":[{"href":"https:\/\/all-events.com.pl\/index.php\/wp-json\/wp\/v2\/media?parent=736"}],"curies":[{"name":"wp","href":"https:\/\/api.w.org\/{rel}","templated":true}]}}